{"id":111,"date":"2020-08-05T23:21:54","date_gmt":"2020-08-05T23:21:54","guid":{"rendered":"https:\/\/www.goldvarg.com.ar\/?page_id=111"},"modified":"2020-08-21T03:02:21","modified_gmt":"2020-08-21T03:02:21","slug":"puerto-crushing-oleoquimica","status":"publish","type":"page","link":"https:\/\/www.goldvarg.com.ar\/index.php\/puerto-crushing-oleoquimica\/","title":{"rendered":"Puerto. Crushing. Oleoqu\u00edmica"},"content":{"rendered":"<p>[et_pb_section fb_built=\u00bb1&#8243; _builder_version=\u00bb4.0.4&#8243; background_image=\u00bbhttps:\/\/www.goldvarg.com.ar\/wp-content\/uploads\/2020\/08\/seccion-puerto-top.jpg\u00bb][et_pb_row _builder_version=\u00bb4.0.4&#8243;][et_pb_column type=\u00bb4_4&#8243; _builder_version=\u00bb4.0.4&#8243;][et_pb_text _builder_version=\u00bb4.0.4&#8243; text_font=\u00bbOpen Sans|800|||||||\u00bb text_text_color=\u00bb#ffffff\u00bb text_font_size=\u00bb100px\u00bb custom_margin=\u00bb3%||5%||false|false\u00bb text_font_size_tablet=\u00bb\u00bb text_font_size_phone=\u00bb70px\u00bb text_font_size_last_edited=\u00bbon|phone\u00bb]<\/p>\n<p style=\"text-align: center;\">20%<\/p>\n<p>[\/et_pb_text][et_pb_text _builder_version=\u00bb4.0.4&#8243; text_font=\u00bbOpen Sans||||||||\u00bb text_text_color=\u00bb#ffffff\u00bb text_font_size=\u00bb1.4vw\u00bb text_line_height=\u00bb1.1em\u00bb width=\u00bb55%\u00bb width_tablet=\u00bb\u00bb width_phone=\u00bb90%\u00bb width_last_edited=\u00bbon|desktop\u00bb module_alignment=\u00bbcenter\u00bb custom_margin=\u00bb5%||||false|false\u00bb custom_margin_tablet=\u00bb\u00bb custom_margin_phone=\u00bb10%||||false|false\u00bb custom_margin_last_edited=\u00bbon|phone\u00bb hover_enabled=\u00bb0&#8243; text_font_size_tablet=\u00bb\u00bb text_font_size_phone=\u00bb23px\u00bb text_font_size_last_edited=\u00bbon|phone\u00bb]<\/p>\n<p style=\"text-align: center;\">Automatizaci\u00f3n del 20% de actividades de captura de datos y generaci\u00f3n de reportes.<\/p>\n<p>[\/et_pb_text][et_pb_divider color=\u00bb#ffffff\u00bb divider_weight=\u00bb8px\u00bb divider_weight_tablet=\u00bb\u00bb divider_weight_phone=\u00bb8px\u00bb divider_weight_last_edited=\u00bbon|phone\u00bb _builder_version=\u00bb4.0.4&#8243; width=\u00bb5%\u00bb width_tablet=\u00bb\u00bb width_phone=\u00bb15%\u00bb width_last_edited=\u00bbon|phone\u00bb module_alignment=\u00bbcenter\u00bb][\/et_pb_divider][et_pb_text _builder_version=\u00bb4.0.4&#8243; text_font=\u00bbOpen Sans|700|||||||\u00bb text_text_color=\u00bb#ffffff\u00bb text_font_size=\u00bb28px\u00bb custom_margin_tablet=\u00bb\u00bb custom_margin_phone=\u00bb||8%||false|false\u00bb custom_margin_last_edited=\u00bbon|phone\u00bb text_font_size_tablet=\u00bb\u00bb text_font_size_phone=\u00bb21px\u00bb text_font_size_last_edited=\u00bbon|phone\u00bb]<\/p>\n<p style=\"text-align: center;\">PUERTO. CRUSHING. OLEOQU\u00cdMICA<\/p>\n<p>[\/et_pb_text][\/et_pb_column][\/et_pb_row][\/et_pb_section][et_pb_section fb_built=\u00bb1&#8243; disabled_on=\u00bbon|on|off\u00bb _builder_version=\u00bb4.0.4&#8243; background_image=\u00bbhttps:\/\/www.goldvarg.com.ar\/wp-content\/uploads\/2020\/08\/titulo-desafios-puerto-2.jpg\u00bb background_size=\u00bbinitial\u00bb background_position=\u00bbcenter_left\u00bb custom_padding=\u00bb0px||0px||false|false\u00bb][et_pb_row _builder_version=\u00bb4.0.4&#8243; custom_margin=\u00bb||||false|false\u00bb custom_padding=\u00bb0px||||false|false\u00bb][et_pb_column type=\u00bb4_4&#8243; _builder_version=\u00bb4.0.4&#8243;][et_pb_image src=\u00bbhttps:\/\/www.goldvarg.com.ar\/wp-content\/uploads\/2020\/08\/linea-gris.jpg\u00bb align=\u00bbcenter\u00bb _builder_version=\u00bb4.0.4&#8243; custom_margin=\u00bb||||false|false\u00bb][\/et_pb_image][\/et_pb_column][\/et_pb_row][et_pb_row _builder_version=\u00bb4.0.4&#8243; width=\u00bb45%\u00bb custom_margin=\u00bb||||false|false\u00bb custom_padding=\u00bb0px||||false|false\u00bb][et_pb_column type=\u00bb4_4&#8243; _builder_version=\u00bb4.0.4&#8243; border_radii=\u00bbon|35px|35px|35px|35px\u00bb border_width_all=\u00bb1px\u00bb border_color_all=\u00bb#77787b\u00bb][et_pb_text _builder_version=\u00bb4.0.4&#8243; text_font=\u00bbOpen Sans|700|||||||\u00bb text_text_color=\u00bb#4e4e4e\u00bb text_font_size=\u00bb21px\u00bb text_line_height=\u00bb1.3em\u00bb custom_margin=\u00bb8%|8%|10%|8%|false|false\u00bb]<\/p>\n<p>La gerencia industrial necesitaba de\ufb01nir un esquema general de reporting de calidad de la producci\u00f3n. El desaf\u00edo consisti\u00f3 en analizar la asignaci\u00f3n de recursos para la generaci\u00f3n de informes, principalmente por la subutilizaci\u00f3n de herramientas y equipos existentes para la toma de datos.<\/p>\n<p>[\/et_pb_text][\/et_pb_column][\/et_pb_row][et_pb_row _builder_version=\u00bb4.0.4&#8243; width=\u00bb70%\u00bb custom_margin=\u00bb-1%||-1%||false|false\u00bb custom_padding=\u00bb0px||||false|false\u00bb][et_pb_column type=\u00bb4_4&#8243; _builder_version=\u00bb4.0.4&#8243; border_color_all=\u00bb#77787b\u00bb][et_pb_image src=\u00bbhttps:\/\/www.goldvarg.com.ar\/wp-content\/uploads\/2020\/08\/linea-gris.jpg\u00bb align=\u00bbcenter\u00bb _builder_version=\u00bb4.0.4&#8243;][\/et_pb_image][\/et_pb_column][\/et_pb_row][\/et_pb_section][et_pb_section fb_built=\u00bb1&#8243; disabled_on=\u00bbon|on|off\u00bb _builder_version=\u00bb4.0.4&#8243; background_image=\u00bbhttps:\/\/www.goldvarg.com.ar\/wp-content\/uploads\/2020\/08\/titulo-soluciones-puerto-3.jpg\u00bb background_size=\u00bbinitial\u00bb background_position=\u00bbcenter_left\u00bb custom_padding=\u00bb0px||||false|false\u00bb][et_pb_row _builder_version=\u00bb4.0.4&#8243; width=\u00bb45%\u00bb custom_margin=\u00bb||||false|false\u00bb custom_padding=\u00bb0px||||false|false\u00bb][et_pb_column type=\u00bb4_4&#8243; _builder_version=\u00bb4.0.4&#8243; border_radii=\u00bbon|35px|35px|35px|35px\u00bb border_width_all=\u00bb1px\u00bb border_color_all=\u00bb#77787b\u00bb][et_pb_text content_tablet=\u00bb\u00bb content_phone=\u00bb\u00bb content_last_edited=\u00bbon|desktop\u00bb _builder_version=\u00bb4.0.4&#8243; text_font=\u00bbOpen Sans|700|||||||\u00bb text_text_color=\u00bb#1f93ce\u00bb text_font_size=\u00bb23px\u00bb text_line_height=\u00bb1.1em\u00bb custom_margin=\u00bb4%|8%|5%|8%|false|false\u00bb]<\/p>\n<p>GESTI\u00d3N DE DATOS<br \/>Y REPORTING<\/p>\n<p>[\/et_pb_text][et_pb_text _builder_version=\u00bb4.0.4&#8243; text_font=\u00bbOpen Sans||||||||\u00bb text_text_color=\u00bb#4e4e4e\u00bb text_font_size=\u00bb21px\u00bb text_line_height=\u00bb1.2em\u00bb custom_margin=\u00bb5%|8%|9.9%|8%|false|false\u00bb]<\/p>\n<p>Se realiz\u00f3 un an\u00e1lisis de los usuarios y sus necesidades de informaci\u00f3n para la gesti\u00f3n de sus procesos, eliminando redundancias y tareas que no agregaban valor. Esto permiti\u00f3 obtener datos claves de calidad del producto y del proceso en menos tiempo y con mayor con\ufb01abilidad.<\/p>\n<p>Asimismo se implementaron acciones sobre la calibraci\u00f3n de equipos, el mantenimiento de los mismos y la automatizaci\u00f3n de captura de datos para lograr el aseguramiento y calidad de los reportes.<\/p>\n<p><strong>Hitos: Se logr\u00f3 automatizar la mayor\u00eda de las tareas de captura de datos de planta y la confecci\u00f3n de reportes para los diferentes usuarios. Se logr\u00f3 reducir las tareas manuales y de c\u00e1lculo para las actividades no automatizadas.<\/strong><\/p>\n<p>[\/et_pb_text][\/et_pb_column][\/et_pb_row][\/et_pb_section][et_pb_section fb_built=\u00bb1&#8243; disabled_on=\u00bboff|off|on\u00bb _builder_version=\u00bb4.0.4&#8243; background_enable_image=\u00bboff\u00bb background_size=\u00bbinitial\u00bb background_position=\u00bbcenter_left\u00bb custom_padding=\u00bb0px||0px||false|false\u00bb][et_pb_row _builder_version=\u00bb4.0.4&#8243; custom_margin=\u00bb||||false|false\u00bb custom_padding=\u00bb0px||0px||false|false\u00bb][et_pb_column type=\u00bb4_4&#8243; _builder_version=\u00bb4.0.4&#8243;][et_pb_image src=\u00bbhttps:\/\/www.goldvarg.com.ar\/wp-content\/uploads\/2020\/08\/linea-gris.jpg\u00bb align=\u00bbcenter\u00bb _builder_version=\u00bb4.0.4&#8243; custom_margin=\u00bb||||false|false\u00bb][\/et_pb_image][\/et_pb_column][\/et_pb_row][et_pb_row _builder_version=\u00bb4.0.4&#8243;][et_pb_column type=\u00bb4_4&#8243; _builder_version=\u00bb4.0.4&#8243;][et_pb_text _builder_version=\u00bb4.0.4&#8243; text_font=\u00bbOpen Sans|700|||||||\u00bb text_text_color=\u00bb#652e85&#8243; text_font_size=\u00bb28px\u00bb]<\/p>\n<p style=\"text-align: center;\">DESAF\u00cdO<\/p>\n<p>[\/et_pb_text][\/et_pb_column][\/et_pb_row][et_pb_row _builder_version=\u00bb4.0.4&#8243; width=\u00bb85%\u00bb custom_margin=\u00bb||||false|false\u00bb custom_padding=\u00bb0px||||false|false\u00bb][et_pb_column type=\u00bb4_4&#8243; _builder_version=\u00bb4.0.4&#8243; border_radii=\u00bbon|35px|35px|35px|35px\u00bb border_width_all=\u00bb1px\u00bb border_color_all=\u00bb#77787b\u00bb][et_pb_text _builder_version=\u00bb4.0.4&#8243; text_font=\u00bbOpen Sans|700|||||||\u00bb text_text_color=\u00bb#4e4e4e\u00bb text_font_size=\u00bb21px\u00bb custom_margin=\u00bb8%|8%|10%|8%|false|false\u00bb]<\/p>\n<p>La gerencia industrial necesitaba de\ufb01nir un esquema general de reporting de calidad de la producci\u00f3n. El desaf\u00edo consisti\u00f3 en analizar la asignaci\u00f3n de recursos para la generaci\u00f3n de informes, principalmente por la subutilizaci\u00f3n de herramientas y equipos existentes para la toma de datos.<\/p>\n<p>[\/et_pb_text][\/et_pb_column][\/et_pb_row][et_pb_row _builder_version=\u00bb4.0.4&#8243; custom_padding=\u00bb0px||||false|false\u00bb][et_pb_column type=\u00bb4_4&#8243; _builder_version=\u00bb4.0.4&#8243;][et_pb_text _builder_version=\u00bb4.0.4&#8243; text_font=\u00bbOpen Sans|700|||||||\u00bb text_text_color=\u00bb#652e85&#8243; text_font_size=\u00bb28px\u00bb]<\/p>\n<p style=\"text-align: center;\">SOLUCI\u00d3N<\/p>\n<p>[\/et_pb_text][\/et_pb_column][\/et_pb_row][et_pb_row _builder_version=\u00bb4.0.4&#8243; width=\u00bb85%\u00bb custom_margin=\u00bb||||false|false\u00bb custom_padding=\u00bb0px||||false|false\u00bb][et_pb_column type=\u00bb4_4&#8243; _builder_version=\u00bb4.0.4&#8243; border_radii=\u00bbon|35px|35px|35px|35px\u00bb border_width_all=\u00bb1px\u00bb border_color_all=\u00bb#77787b\u00bb][et_pb_text content_tablet=\u00bb<\/p>\n<p>GESTI\u00d3N DE DATOS Y REPORTING<\/p>\n<p>\u00bb content_phone=\u00bb<\/p>\n<p>GESTI\u00d3N DE DATOS Y REPORTING<\/p>\n<p>\u00bb content_last_edited=\u00bbon|tablet\u00bb _builder_version=\u00bb4.0.4&#8243; text_font=\u00bbOpen Sans|700|||||||\u00bb text_text_color=\u00bb#1f93ce\u00bb text_font_size=\u00bb23px\u00bb text_line_height=\u00bb1.1em\u00bb custom_margin=\u00bb8%|8%|5%|8%|false|false\u00bb]<\/p>\n<p>METODOLOG\u00cdA<br \/> DE EFICIENCIA<br \/> EN OPERACIONES<\/p>\n<p>[\/et_pb_text][et_pb_text _builder_version=\u00bb4.0.4&#8243; text_font=\u00bbOpen Sans||||||||\u00bb text_text_color=\u00bb#4e4e4e\u00bb text_font_size=\u00bb21px\u00bb text_line_height=\u00bb1.2em\u00bb custom_margin=\u00bb5%|8%|15%|8%|false|false\u00bb]<\/p>\n<p>Se realiz\u00f3 un an\u00e1lisis de los usuarios y sus necesidades de informaci\u00f3n para la gesti\u00f3n de sus procesos, eliminando redundancias y tareas que no agregaban valor. Esto permiti\u00f3 obtener datos claves de calidad del producto y del proceso en menos tiempo y con mayor con\ufb01abilidad.<\/p>\n<p>Asimismo se implementaron acciones sobre la calibraci\u00f3n de equipos, el mantenimiento de los mismos y la automatizaci\u00f3n de captura de datos para lograr el aseguramiento y calidad de los reportes.<\/p>\n<p><strong>Hitos:\u00a0 Se logr\u00f3 automatizar la mayor\u00eda de las tareas de captura de datos de planta y la confecci\u00f3n de reportes para los diferentes usuarios. Se logr\u00f3 reducir las tareas manuales y de c\u00e1lculo para las actividades no automatizadas.<\/strong><\/p>\n<p>[\/et_pb_text][\/et_pb_column][\/et_pb_row][\/et_pb_section][et_pb_section fb_built=\u00bb1&#8243; _builder_version=\u00bb4.0.4&#8243; custom_padding=\u00bb0px||0px||false|false\u00bb][et_pb_row column_structure=\u00bb1_3,1_3,1_3&#8243; use_custom_gutter=\u00bbon\u00bb gutter_width=\u00bb1&#8243; make_equal=\u00bbon\u00bb _builder_version=\u00bb4.0.4&#8243; width_tablet=\u00bb\u00bb width_phone=\u00bb100%\u00bb width_last_edited=\u00bbon|phone\u00bb][et_pb_column type=\u00bb1_3&#8243; _builder_version=\u00bb4.0.4&#8243; background_color=\u00bb#652e85&#8243;][et_pb_text _builder_version=\u00bb4.0.4&#8243; text_font=\u00bbOpen Sans|800|||||||\u00bb text_text_color=\u00bb#ffffff\u00bb text_font_size=\u00bb2.3vw\u00bb text_line_height=\u00bb1em\u00bb custom_margin=\u00bb26%|||17%|false|false\u00bb custom_margin_tablet=\u00bb\u00bb custom_margin_phone=\u00bb15%||15%||false|false\u00bb custom_margin_last_edited=\u00bbon|phone\u00bb hover_enabled=\u00bb0&#8243; text_font_size_tablet=\u00bb\u00bb text_font_size_phone=\u00bb40px\u00bb text_font_size_last_edited=\u00bbon|phone\u00bb]<\/p>\n<p>Otros<br \/> resultados<br \/> concretos.<\/p>\n<p>[\/et_pb_text][\/et_pb_column][et_pb_column type=\u00bb1_3&#8243; _builder_version=\u00bb4.0.4&#8243;][et_pb_image src=\u00bbhttps:\/\/www.goldvarg.com.ar\/wp-content\/uploads\/2020\/08\/relacionado-broker-1.jpg\u00bb url=\u00bb@ET-DC@eyJkeW5hbWljIjp0cnVlLCJjb250ZW50IjoicG9zdF9saW5rX3VybF9wYWdlIiwic2V0dGluZ3MiOnsicG9zdF9pZCI6IjEwOSJ9fQ==@\u00bb _builder_version=\u00bb4.0.4&#8243; _dynamic_attributes=\u00bburl\u00bb filter_saturate__hover_enabled=\u00bbon|hover\u00bb filter_saturate__hover=\u00bb0%\u00bb][\/et_pb_image][\/et_pb_column][et_pb_column type=\u00bb1_3&#8243; _builder_version=\u00bb4.0.4&#8243;][et_pb_image src=\u00bbhttps:\/\/www.goldvarg.com.ar\/wp-content\/uploads\/2020\/08\/relacionado-tren.jpg\u00bb url=\u00bb@ET-DC@eyJkeW5hbWljIjp0cnVlLCJjb250ZW50IjoicG9zdF9saW5rX3VybF9wYWdlIiwic2V0dGluZ3MiOnsicG9zdF9pZCI6IjEwNyJ9fQ==@\u00bb _builder_version=\u00bb4.0.4&#8243; _dynamic_attributes=\u00bburl\u00bb filter_saturate_last_edited=\u00bboff|desktop\u00bb filter_saturate__hover_enabled=\u00bbon|hover\u00bb filter_saturate__hover=\u00bb0%\u00bb][\/et_pb_image][\/et_pb_column][\/et_pb_row][\/et_pb_section][et_pb_section fb_built=\u00bb1&#8243; module_id=\u00bbcontacto\u00bb _builder_version=\u00bb4.0.4&#8243; background_color=\u00bb#595959&#8243; custom_padding=\u00bb0px||0px||false|false\u00bb global_module=\u00bb197&#8243; saved_tabs=\u00bball\u00bb][et_pb_row column_structure=\u00bb1_2,1_2&#8243; _builder_version=\u00bb4.0.4&#8243; width=\u00bb60%\u00bb width_tablet=\u00bb\u00bb width_phone=\u00bb80%\u00bb width_last_edited=\u00bbon|phone\u00bb custom_margin_tablet=\u00bb\u00bb custom_margin_phone=\u00bb-8%||0px||false|false\u00bb custom_margin_last_edited=\u00bbon|phone\u00bb][et_pb_column type=\u00bb1_2&#8243; _builder_version=\u00bb4.0.4&#8243;][et_pb_text _builder_version=\u00bb4.0.4&#8243; text_font=\u00bbOpen Sans|800|||||||\u00bb text_text_color=\u00bb#FFFFFF\u00bb text_font_size=\u00bb35px\u00bb text_line_height=\u00bb1em\u00bb custom_margin=\u00bb||24%||false|false\u00bb custom_margin_tablet=\u00bb\u00bb custom_margin_phone=\u00bb||18%||false|false\u00bb custom_margin_last_edited=\u00bbon|phone\u00bb]<\/p>\n<p>HACERLO<br \/> AHORA<\/p>\n<p>[\/et_pb_text][et_pb_text _builder_version=\u00bb4.0.4&#8243; text_font=\u00bbOpen Sans||||||||\u00bb text_text_color=\u00bb#FFFFFF\u00bb text_font_size=\u00bb19px\u00bb text_line_height=\u00bb1em\u00bb custom_margin=\u00bb||||false|false\u00bb custom_margin_tablet=\u00bb\u00bb custom_margin_phone=\u00bb-15%||||false|false\u00bb custom_margin_last_edited=\u00bbon|phone\u00bb text_font_size_tablet=\u00bb\u00bb text_font_size_phone=\u00bb17px\u00bb text_font_size_last_edited=\u00bbon|phone\u00bb]<\/p>\n<p><img loading=\"lazy\" decoding=\"async\" src=\"https:\/\/www.goldvarg.com.ar\/wp-content\/uploads\/2020\/08\/contacto-icono-whatsapp-2.jpg\" width=\"40\" height=\"46\" alt=\"\" class=\"wp-image-101 alignnone size-full\" \/>+54 341 6478788<\/p>\n<p><img loading=\"lazy\" decoding=\"async\" src=\"https:\/\/www.goldvarg.com.ar\/wp-content\/uploads\/2020\/08\/contacto-icono-sobre.jpg\" width=\"40\" height=\"27\" alt=\"\" class=\"wp-image-102 alignnone size-full\" \/>contacto@goldvarg.com.ar<\/p>\n<p><img loading=\"lazy\" decoding=\"async\" src=\"https:\/\/www.goldvarg.com.ar\/wp-content\/uploads\/2020\/08\/contacto-icono-direccion.jpg\" width=\"39\" height=\"31\" alt=\"\" class=\"wp-image-103 alignnone size-full\" \/>San Luis 735 Rosario, SF.<\/p>\n<p>[\/et_pb_text][\/et_pb_column][et_pb_column type=\u00bb1_2&#8243; _builder_version=\u00bb4.0.4&#8243;][et_pb_text _builder_version=\u00bb4.0.4&#8243; text_font=\u00bbOpen Sans||||||||\u00bb text_text_color=\u00bb#FFFFFF\u00bb text_font_size=\u00bb18px\u00bb custom_margin=\u00bb5%||20%||false|false\u00bb custom_margin_tablet=\u00bb\u00bb custom_margin_phone=\u00bb8%||10%||false|false\u00bb custom_margin_last_edited=\u00bbon|phone\u00bb]<\/p>\n<p>CONT\u00c1CTENOS PARA COORDINAR<br \/> UNA VISITA A SU EMPRESA<\/p>\n<p>[\/et_pb_text][et_pb_contact_form captcha=\u00bboff\u00bb email=\u00bbariel@goldvarg.com.ar\u00bb custom_message=\u00bbNuevo mensaje desde la web||et_pb_line_break_holder||Nombre: %%Name%%||et_pb_line_break_holder||Email: %%Email%%||et_pb_line_break_holder||Tel: %%Telefono%%||et_pb_line_break_holder||Empresa: %%Empresa%%\u00bb success_message=\u00bbGRACIAS POR SU CONSULTA\u00bb _builder_version=\u00bb4.0.4&#8243; form_field_background_color=\u00bb#595959&#8243; form_field_text_color=\u00bb#bababa\u00bb form_field_focus_background_color=\u00bbrgba(0,0,0,0)\u00bb form_field_focus_text_color=\u00bb#ffffff\u00bb form_field_font=\u00bbOpen Sans||||||||\u00bb form_field_font_size=\u00bb15px\u00bb custom_button=\u00bbon\u00bb button_text_size=\u00bb15px\u00bb button_text_color=\u00bb#595959&#8243; button_bg_color=\u00bb#FFFFFF\u00bb button_border_width=\u00bb0px\u00bb button_border_color=\u00bbrgba(0,0,0,0)\u00bb button_border_radius=\u00bb0px\u00bb button_font=\u00bbOpen Sans|700||on|||||\u00bb button_use_icon=\u00bboff\u00bb button_custom_margin=\u00bb||||false|false\u00bb button_custom_padding=\u00bb8%||8%||false|false\u00bb border_width_all=\u00bb1px\u00bb border_color_all=\u00bb#FFFFFF\u00bb][et_pb_contact_field field_id=\u00bbName\u00bb field_title=\u00bbNOMBRE\u00bb fullwidth_field=\u00bbon\u00bb _builder_version=\u00bb4.0.4&#8243; button_text_size__hover_enabled=\u00bboff\u00bb button_one_text_size__hover_enabled=\u00bboff\u00bb button_two_text_size__hover_enabled=\u00bboff\u00bb button_text_color__hover_enabled=\u00bboff\u00bb button_one_text_color__hover_enabled=\u00bboff\u00bb button_two_text_color__hover_enabled=\u00bboff\u00bb button_border_width__hover_enabled=\u00bboff\u00bb button_one_border_width__hover_enabled=\u00bboff\u00bb button_two_border_width__hover_enabled=\u00bboff\u00bb button_border_color__hover_enabled=\u00bboff\u00bb button_one_border_color__hover_enabled=\u00bboff\u00bb button_two_border_color__hover_enabled=\u00bboff\u00bb button_border_radius__hover_enabled=\u00bboff\u00bb button_one_border_radius__hover_enabled=\u00bboff\u00bb button_two_border_radius__hover_enabled=\u00bboff\u00bb button_letter_spacing__hover_enabled=\u00bboff\u00bb button_one_letter_spacing__hover_enabled=\u00bboff\u00bb button_two_letter_spacing__hover_enabled=\u00bboff\u00bb button_bg_color__hover_enabled=\u00bboff\u00bb button_one_bg_color__hover_enabled=\u00bboff\u00bb button_two_bg_color__hover_enabled=\u00bboff\u00bb][\/et_pb_contact_field][et_pb_contact_field field_id=\u00bbEmail\u00bb field_title=\u00bbEMAIL\u00bb field_type=\u00bbemail\u00bb fullwidth_field=\u00bbon\u00bb _builder_version=\u00bb4.0.4&#8243; button_text_size__hover_enabled=\u00bboff\u00bb button_one_text_size__hover_enabled=\u00bboff\u00bb button_two_text_size__hover_enabled=\u00bboff\u00bb button_text_color__hover_enabled=\u00bboff\u00bb button_one_text_color__hover_enabled=\u00bboff\u00bb button_two_text_color__hover_enabled=\u00bboff\u00bb button_border_width__hover_enabled=\u00bboff\u00bb button_one_border_width__hover_enabled=\u00bboff\u00bb button_two_border_width__hover_enabled=\u00bboff\u00bb button_border_color__hover_enabled=\u00bboff\u00bb button_one_border_color__hover_enabled=\u00bboff\u00bb button_two_border_color__hover_enabled=\u00bboff\u00bb button_border_radius__hover_enabled=\u00bboff\u00bb button_one_border_radius__hover_enabled=\u00bboff\u00bb button_two_border_radius__hover_enabled=\u00bboff\u00bb button_letter_spacing__hover_enabled=\u00bboff\u00bb button_one_letter_spacing__hover_enabled=\u00bboff\u00bb button_two_letter_spacing__hover_enabled=\u00bboff\u00bb button_bg_color__hover_enabled=\u00bboff\u00bb button_one_bg_color__hover_enabled=\u00bboff\u00bb button_two_bg_color__hover_enabled=\u00bboff\u00bb][\/et_pb_contact_field][et_pb_contact_field field_id=\u00bbEmpresa\u00bb field_title=\u00bbEMPRESA\u00bb fullwidth_field=\u00bbon\u00bb _builder_version=\u00bb4.0.4&#8243; button_text_size__hover_enabled=\u00bboff\u00bb button_one_text_size__hover_enabled=\u00bboff\u00bb button_two_text_size__hover_enabled=\u00bboff\u00bb button_text_color__hover_enabled=\u00bboff\u00bb button_one_text_color__hover_enabled=\u00bboff\u00bb button_two_text_color__hover_enabled=\u00bboff\u00bb button_border_width__hover_enabled=\u00bboff\u00bb button_one_border_width__hover_enabled=\u00bboff\u00bb button_two_border_width__hover_enabled=\u00bboff\u00bb button_border_color__hover_enabled=\u00bboff\u00bb button_one_border_color__hover_enabled=\u00bboff\u00bb button_two_border_color__hover_enabled=\u00bboff\u00bb button_border_radius__hover_enabled=\u00bboff\u00bb button_one_border_radius__hover_enabled=\u00bboff\u00bb button_two_border_radius__hover_enabled=\u00bboff\u00bb button_letter_spacing__hover_enabled=\u00bboff\u00bb button_one_letter_spacing__hover_enabled=\u00bboff\u00bb button_two_letter_spacing__hover_enabled=\u00bboff\u00bb button_bg_color__hover_enabled=\u00bboff\u00bb button_one_bg_color__hover_enabled=\u00bboff\u00bb button_two_bg_color__hover_enabled=\u00bboff\u00bb][\/et_pb_contact_field][et_pb_contact_field field_id=\u00bbMessage\u00bb field_title=\u00bbMENSAJE\u00bb field_type=\u00bbtext\u00bb fullwidth_field=\u00bbon\u00bb _builder_version=\u00bb4.0.4&#8243; button_text_size__hover_enabled=\u00bboff\u00bb button_one_text_size__hover_enabled=\u00bboff\u00bb button_two_text_size__hover_enabled=\u00bboff\u00bb button_text_color__hover_enabled=\u00bboff\u00bb button_one_text_color__hover_enabled=\u00bboff\u00bb button_two_text_color__hover_enabled=\u00bboff\u00bb button_border_width__hover_enabled=\u00bboff\u00bb button_one_border_width__hover_enabled=\u00bboff\u00bb button_two_border_width__hover_enabled=\u00bboff\u00bb button_border_color__hover_enabled=\u00bboff\u00bb button_one_border_color__hover_enabled=\u00bboff\u00bb button_two_border_color__hover_enabled=\u00bboff\u00bb button_border_radius__hover_enabled=\u00bboff\u00bb button_one_border_radius__hover_enabled=\u00bboff\u00bb button_two_border_radius__hover_enabled=\u00bboff\u00bb button_letter_spacing__hover_enabled=\u00bboff\u00bb button_one_letter_spacing__hover_enabled=\u00bboff\u00bb button_two_letter_spacing__hover_enabled=\u00bboff\u00bb button_bg_color__hover_enabled=\u00bboff\u00bb button_one_bg_color__hover_enabled=\u00bboff\u00bb button_two_bg_color__hover_enabled=\u00bboff\u00bb][\/et_pb_contact_field][\/et_pb_contact_form][\/et_pb_column][\/et_pb_row][\/et_pb_section]<\/p>\n","protected":false},"excerpt":{"rendered":"<p>20%Automatizaci\u00f3n del 20% de actividades de captura de datos y generaci\u00f3n de reportes.PUERTO. CRUSHING. OLEOQU\u00cdMICALa gerencia industrial necesitaba de\ufb01nir un esquema general de reporting de calidad de la producci\u00f3n. El desaf\u00edo consisti\u00f3 en analizar la asignaci\u00f3n de recursos para la generaci\u00f3n de informes, principalmente por la subutilizaci\u00f3n de herramientas y equipos existentes para la toma [&hellip;]<\/p>\n","protected":false},"author":2,"featured_media":0,"parent":0,"menu_order":0,"comment_status":"closed","ping_status":"closed","template":"","meta":{"_acf_changed":false,"_et_pb_use_builder":"on","_et_pb_old_content":"","_et_gb_content_width":"","footnotes":""},"class_list":["post-111","page","type-page","status-publish","hentry"],"acf":[],"_links":{"self":[{"href":"https:\/\/www.goldvarg.com.ar\/index.php\/wp-json\/wp\/v2\/pages\/111"}],"collection":[{"href":"https:\/\/www.goldvarg.com.ar\/index.php\/wp-json\/wp\/v2\/pages"}],"about":[{"href":"https:\/\/www.goldvarg.com.ar\/index.php\/wp-json\/wp\/v2\/types\/page"}],"author":[{"embeddable":true,"href":"https:\/\/www.goldvarg.com.ar\/index.php\/wp-json\/wp\/v2\/users\/2"}],"replies":[{"embeddable":true,"href":"https:\/\/www.goldvarg.com.ar\/index.php\/wp-json\/wp\/v2\/comments?post=111"}],"version-history":[{"count":12,"href":"https:\/\/www.goldvarg.com.ar\/index.php\/wp-json\/wp\/v2\/pages\/111\/revisions"}],"predecessor-version":[{"id":493,"href":"https:\/\/www.goldvarg.com.ar\/index.php\/wp-json\/wp\/v2\/pages\/111\/revisions\/493"}],"wp:attachment":[{"href":"https:\/\/www.goldvarg.com.ar\/index.php\/wp-json\/wp\/v2\/media?parent=111"}],"curies":[{"name":"wp","href":"https:\/\/api.w.org\/{rel}","templated":true}]}}